{"id":7,"date":"2020-11-17T12:58:28","date_gmt":"2020-11-17T11:58:28","guid":{"rendered":"http:\/\/fortop.pl\/?page_id=7"},"modified":"2025-06-17T15:22:26","modified_gmt":"2025-06-17T13:22:26","slug":"strona-glowna","status":"publish","type":"page","link":"http:\/\/fortop.pl\/","title":{"rendered":"Strona g\u0142\u00f3wna"},"content":{"rendered":"\t\t<div data-elementor-type=\"wp-page\" data-elementor-id=\"7\" class=\"elementor elementor-7\">\n\t\t\t\t\t\t<div class=\"elementor-inner\">\n\t\t\t\t<div class=\"elementor-section-wrap\">\n\t\t\t\t\t\t\t\t\t<section class=\"elementor-section elementor-top-section elementor-element elementor-element-238e12f5 elementor-section-content-middle elementor-reverse-mobile elementor-section-boxed elementor-section-height-default elementor-section-height-default\" data-id=\"238e12f5\" data-element_type=\"section\">\n\t\t\t\t\t\t<div class=\"elementor-container elementor-column-gap-no\">\n\t\t\t\t\t\t\t<div class=\"elementor-row\">\n\t\t\t\t\t<div class=\"elementor-column elementor-col-50 elementor-top-column elementor-element elementor-element-3bb7f2d5\" data-id=\"3bb7f2d5\" data-element_type=\"column\">\n\t\t\t<div class=\"elementor-column-wrap elementor-element-populated\">\n\t\t\t\t\t\t\t<div class=\"elementor-widget-wrap\">\n\t\t\t\t\t\t<div class=\"elementor-element elementor-element-a224c21 elementor-widget elementor-widget-menu-anchor\" data-id=\"a224c21\" data-element_type=\"widget\" data-widget_type=\"menu-anchor.default\">\n\t\t\t\t<div class=\"elementor-widget-container\">\n\t\t\t\t\t<div id=\"o-firmie\" class=\"elementor-menu-anchor\"><\/div>\n\t\t\t\t<\/div>\n\t\t\t\t<\/div>\n\t\t\t\t<div class=\"elementor-element elementor-element-786871c6 elementor-widget elementor-widget-heading\" data-id=\"786871c6\" data-element_type=\"widget\" data-widget_type=\"heading.default\">\n\t\t\t\t<div class=\"elementor-widget-container\">\n\t\t\t<h4 class=\"elementor-heading-title elementor-size-default\"><span style=\"color: var( --e-global-color-secondary ); font-size: 35px; font-weight: 600;\">O firmie<\/span><\/h4>\t\t<\/div>\n\t\t\t\t<\/div>\n\t\t\t\t<div class=\"elementor-element elementor-element-70f6d39e elementor-widget elementor-widget-text-editor\" data-id=\"70f6d39e\" data-element_type=\"widget\" data-widget_type=\"text-editor.default\">\n\t\t\t\t<div class=\"elementor-widget-container\">\n\t\t\t\t\t\t\t\t<div class=\"elementor-text-editor elementor-clearfix\">\n\t\t\t\t<p style=\"font-size: 15px; color: #7a7a7a;\"><strong>FORTOP Sp. z o.o.<\/strong>&nbsp;zosta\u0142a za\u0142o\u017cona w 2009 r. Od pocz\u0105tku istnienia Sp\u00f3\u0142ka zajmuje si\u0119 obrotem handlowym zar\u00f3wno z podmiotami polskimi jak i zagranicznymi.<\/p>\n<p style=\"font-size: 15px; color: #7a7a7a;\"><span data-teams=\"true\">W 2025 r. Sp\u00f3\u0142ka zacz\u0119\u0142a prace badawczo-rozwojowe oraz produkcj\u0119 urz\u0105dze\u0144 elektronicznych i telekomunikacyjnych a tak\u017ce planuje w najbli\u017cszym czasie rozszerzy\u0107 swoj\u0105 dzia\u0142alno\u015b\u0107 o produkcj\u0119 statk\u00f3w bezpilotowych do zastosowa\u0144 cywilnych.<\/span><\/p>\n<ul style=\"color: #7a7a7a; font-size: 15px;\"><\/ul>\t\t\t\t\t<\/div>\n\t\t\t\t\t\t<\/div>\n\t\t\t\t<\/div>\n\t\t\t\t\t\t<\/div>\n\t\t\t\t\t<\/div>\n\t\t<\/div>\n\t\t\t\t<div class=\"elementor-column elementor-col-50 elementor-top-column elementor-element elementor-element-45877492\" data-id=\"45877492\" data-element_type=\"column\">\n\t\t\t<div class=\"elementor-column-wrap elementor-element-populated\">\n\t\t\t\t\t\t\t<div class=\"elementor-widget-wrap\">\n\t\t\t\t\t\t<div class=\"elementor-element elementor-element-1ee0add elementor-widget elementor-widget-image\" data-id=\"1ee0add\" data-element_type=\"widget\" data-widget_type=\"image.default\">\n\t\t\t\t<div class=\"elementor-widget-container\">\n\t\t\t\t\t\t\t\t<div class=\"elementor-image\">\n\t\t\t\t\t\t\t\t\t\t\t\t<img decoding=\"async\" width=\"750\" height=\"500\" src=\"https:\/\/fortop.pl\/wp-content\/uploads\/2020\/11\/tlo-pkl-group-1024x683.jpg\" class=\"attachment-large size-large wp-image-36\" alt=\"\" loading=\"lazy\" srcset=\"https:\/\/fortop.pl\/wp-content\/uploads\/2020\/11\/tlo-pkl-group-1024x683.jpg 1024w, https:\/\/fortop.pl\/wp-content\/uploads\/2020\/11\/tlo-pkl-group-300x200.jpg 300w, https:\/\/fortop.pl\/wp-content\/uploads\/2020\/11\/tlo-pkl-group-768x512.jpg 768w, https:\/\/fortop.pl\/wp-content\/uploads\/2020\/11\/tlo-pkl-group-1536x1024.jpg 1536w, https:\/\/fortop.pl\/wp-content\/uploads\/2020\/11\/tlo-pkl-group-2048x1366.jpg 2048w, https:\/\/fortop.pl\/wp-content\/uploads\/2020\/11\/tlo-pkl-group-360x240.jpg 360w\" sizes=\"(max-width: 750px) 100vw, 750px\" \/>\t\t\t\t\t\t\t\t\t\t\t\t\t\t<\/div>\n\t\t\t\t\t\t<\/div>\n\t\t\t\t<\/div>\n\t\t\t\t\t\t<\/div>\n\t\t\t\t\t<\/div>\n\t\t<\/div>\n\t\t\t\t\t\t\t\t<\/div>\n\t\t\t\t\t<\/div>\n\t\t<\/section>\n\t\t\t\t<section class=\"elementor-section elementor-top-section elementor-element elementor-element-44e9092a elementor-section-content-middle elementor-section-boxed elementor-section-height-default elementor-section-height-default\" data-id=\"44e9092a\" data-element_type=\"section\">\n\t\t\t\t\t\t\t<div class=\"elementor-background-overlay\"><\/div>\n\t\t\t\t\t\t\t<div class=\"elementor-container elementor-column-gap-no\">\n\t\t\t\t\t\t\t<div class=\"elementor-row\">\n\t\t\t\t\t<div class=\"elementor-column elementor-col-100 elementor-top-column elementor-element elementor-element-2e60305e\" data-id=\"2e60305e\" data-element_type=\"column\">\n\t\t\t<div class=\"elementor-column-wrap elementor-element-populated\">\n\t\t\t\t\t\t\t<div class=\"elementor-widget-wrap\">\n\t\t\t\t\t\t<div class=\"elementor-element elementor-element-7fd2d24 elementor-widget elementor-widget-menu-anchor\" data-id=\"7fd2d24\" data-element_type=\"widget\" data-widget_type=\"menu-anchor.default\">\n\t\t\t\t<div class=\"elementor-widget-container\">\n\t\t\t\t\t<div id=\"profil-dzialalnosci\" class=\"elementor-menu-anchor\"><\/div>\n\t\t\t\t<\/div>\n\t\t\t\t<\/div>\n\t\t\t\t<div class=\"elementor-element elementor-element-2282c23 elementor-widget elementor-widget-heading\" data-id=\"2282c23\" data-element_type=\"widget\" data-widget_type=\"heading.default\">\n\t\t\t\t<div class=\"elementor-widget-container\">\n\t\t\t<h2 class=\"elementor-heading-title elementor-size-default\"><h4 data-elementor-setting-key=\"title\" data-pen-placeholder=\"Pisz tutaj...\" style=\"\"><font color=\"#54595f\"><span style=\"font-size: 35px;\"><b>Profil dzia\u0142alno\u015bci<\/b><\/span><\/font><\/h4><\/h2>\t\t<\/div>\n\t\t\t\t<\/div>\n\t\t\t\t<div class=\"elementor-element elementor-element-30ab1b26 elementor-widget elementor-widget-text-editor\" data-id=\"30ab1b26\" data-element_type=\"widget\" data-widget_type=\"text-editor.default\">\n\t\t\t\t<div class=\"elementor-widget-container\">\n\t\t\t\t\t\t\t\t<div class=\"elementor-text-editor elementor-clearfix\">\n\t\t\t\t<p><strong>W chwili obecnej Sp\u00f3\u0142ka zajmuje si\u0119 przede wszystkim:<\/strong><\/p><ol><li>Zakupem i sprzeda\u017c\u0105 wyrob\u00f3w na zlecenie.<\/li><li>Wsparciem logistycznym w obrocie towarami.<\/li><li>Kompleksow\u0105 realizacj\u0105 kontrakt\u00f3w, polegaj\u0105cych na przemieszczaniu towar\u00f3w pomi\u0119dzy podmiotami znajduj\u0105cymi si\u0119 w r\u00f3\u017cnych krajach.\u00a0<\/li><li>Produkcj\u0105 urz\u0105dze\u0144 elektronicznych oraz sprz\u0119tu telekomunikacyjnego.<\/li><li>Produkcj\u0105, napraw\u0105 i konserwacj\u0105 cywilnych statk\u00f3w powietrznych.<\/li><li>Pracami badawczo-rozwojowymi w obszarze\u00a0<span data-teams=\"true\">elektroniki i telekomunikacji.<\/span><\/li><\/ol>\t\t\t\t\t<\/div>\n\t\t\t\t\t\t<\/div>\n\t\t\t\t<\/div>\n\t\t\t\t\t\t<\/div>\n\t\t\t\t\t<\/div>\n\t\t<\/div>\n\t\t\t\t\t\t\t\t<\/div>\n\t\t\t\t\t<\/div>\n\t\t<\/section>\n\t\t\t\t<section class=\"elementor-section elementor-top-section elementor-element elementor-element-64704cff elementor-section-full_width elementor-section-height-default elementor-section-height-default\" data-id=\"64704cff\" data-element_type=\"section\" data-settings=\"{&quot;background_background&quot;:&quot;classic&quot;}\">\n\t\t\t\t\t\t<div class=\"elementor-container elementor-column-gap-no\">\n\t\t\t\t\t\t\t<div class=\"elementor-row\">\n\t\t\t\t\t<div class=\"elementor-column elementor-col-100 elementor-top-column elementor-element elementor-element-381d7bf4\" data-id=\"381d7bf4\" data-element_type=\"column\">\n\t\t\t<div class=\"elementor-column-wrap elementor-element-populated\">\n\t\t\t\t\t\t\t<div class=\"elementor-widget-wrap\">\n\t\t\t\t\t\t<div class=\"elementor-element elementor-element-24635dc9 elementor-widget elementor-widget-google_maps\" data-id=\"24635dc9\" data-element_type=\"widget\" data-widget_type=\"google_maps.default\">\n\t\t\t\t<div class=\"elementor-widget-container\">\n\t\t\t\t\t<div class=\"elementor-custom-embed\">\n\t\t\t<iframe loading=\"lazy\"\n\t\t\t\t\tsrc=\"https:\/\/maps.google.com\/maps?q=pelpli%C5%84ska%208b&#038;t=m&#038;z=16&#038;output=embed&#038;iwloc=near\"\n\t\t\t\t\ttitle=\"pelpli\u0144ska 8b\"\n\t\t\t\t\taria-label=\"pelpli\u0144ska 8b\"\n\t\t\t><\/iframe>\n\t\t<\/div>\n\t\t\t\t<\/div>\n\t\t\t\t<\/div>\n\t\t\t\t<div class=\"elementor-element elementor-element-b01b8b4 elementor-widget elementor-widget-menu-anchor\" data-id=\"b01b8b4\" data-element_type=\"widget\" data-widget_type=\"menu-anchor.default\">\n\t\t\t\t<div class=\"elementor-widget-container\">\n\t\t\t\t\t<div id=\"kontakt\" class=\"elementor-menu-anchor\"><\/div>\n\t\t\t\t<\/div>\n\t\t\t\t<\/div>\n\t\t\t\t<section class=\"elementor-section elementor-inner-section elementor-element elementor-element-29ee6bb elementor-section-content-middle elementor-section-boxed elementor-section-height-default elementor-section-height-default\" data-id=\"29ee6bb\" data-element_type=\"section\" data-settings=\"{&quot;background_background&quot;:&quot;classic&quot;}\">\n\t\t\t\t\t\t<div class=\"elementor-container elementor-column-gap-no\">\n\t\t\t\t\t\t\t<div class=\"elementor-row\">\n\t\t\t\t\t<div class=\"elementor-column elementor-col-33 elementor-inner-column elementor-element elementor-element-388ed309\" data-id=\"388ed309\" data-element_type=\"column\">\n\t\t\t<div class=\"elementor-column-wrap elementor-element-populated\">\n\t\t\t\t\t\t\t<div class=\"elementor-widget-wrap\">\n\t\t\t\t\t\t<div class=\"elementor-element elementor-element-3e327d72 elementor-widget elementor-widget-heading\" data-id=\"3e327d72\" data-element_type=\"widget\" data-widget_type=\"heading.default\">\n\t\t\t\t<div class=\"elementor-widget-container\">\n\t\t\t<h6 class=\"elementor-heading-title elementor-size-default\">Siedziba firmy<\/h6>\t\t<\/div>\n\t\t\t\t<\/div>\n\t\t\t\t<div class=\"elementor-element elementor-element-50acb24e elementor-widget elementor-widget-text-editor\" data-id=\"50acb24e\" data-element_type=\"widget\" data-widget_type=\"text-editor.default\">\n\t\t\t\t<div class=\"elementor-widget-container\">\n\t\t\t\t\t\t\t\t<div class=\"elementor-text-editor elementor-clearfix\">\n\t\t\t\t<p><strong>ul. Pelpli\u0144ska 8B<\/strong><br \/><strong>01-683 Warszawa, Polska<\/strong><\/p>\t\t\t\t\t<\/div>\n\t\t\t\t\t\t<\/div>\n\t\t\t\t<\/div>\n\t\t\t\t\t\t<\/div>\n\t\t\t\t\t<\/div>\n\t\t<\/div>\n\t\t\t\t<div class=\"elementor-column elementor-col-33 elementor-inner-column elementor-element elementor-element-4a70f91b\" data-id=\"4a70f91b\" data-element_type=\"column\">\n\t\t\t<div class=\"elementor-column-wrap elementor-element-populated\">\n\t\t\t\t\t\t\t<div class=\"elementor-widget-wrap\">\n\t\t\t\t\t\t<div class=\"elementor-element elementor-element-477f6720 elementor-widget elementor-widget-heading\" data-id=\"477f6720\" data-element_type=\"widget\" data-widget_type=\"heading.default\">\n\t\t\t\t<div class=\"elementor-widget-container\">\n\t\t\t<h6 class=\"elementor-heading-title elementor-size-default\">Dane kontaktowe<\/h6>\t\t<\/div>\n\t\t\t\t<\/div>\n\t\t\t\t<div class=\"elementor-element elementor-element-11b5c7d9 elementor-widget elementor-widget-text-editor\" data-id=\"11b5c7d9\" data-element_type=\"widget\" data-widget_type=\"text-editor.default\">\n\t\t\t\t<div class=\"elementor-widget-container\">\n\t\t\t\t\t\t\t\t<div class=\"elementor-text-editor elementor-clearfix\">\n\t\t\t\t<p><strong>Telefon: +48 608 486 656<\/strong><strong><br \/><a href=\"mailto: contact@fortop.pl\">Email: contact@fortop.pl<\/a><\/strong><\/p>\t\t\t\t\t<\/div>\n\t\t\t\t\t\t<\/div>\n\t\t\t\t<\/div>\n\t\t\t\t\t\t<\/div>\n\t\t\t\t\t<\/div>\n\t\t<\/div>\n\t\t\t\t<div class=\"elementor-column elementor-col-33 elementor-inner-column elementor-element elementor-element-477cce2a\" data-id=\"477cce2a\" data-element_type=\"column\">\n\t\t\t<div class=\"elementor-column-wrap elementor-element-populated\">\n\t\t\t\t\t\t\t<div class=\"elementor-widget-wrap\">\n\t\t\t\t\t\t<div class=\"elementor-element elementor-element-778840e8 elementor-widget elementor-widget-heading\" data-id=\"778840e8\" data-element_type=\"widget\" data-widget_type=\"heading.default\">\n\t\t\t\t<div class=\"elementor-widget-container\">\n\t\t\t<h6 class=\"elementor-heading-title elementor-size-default\">Godziny pracy<\/h6>\t\t<\/div>\n\t\t\t\t<\/div>\n\t\t\t\t<div class=\"elementor-element elementor-element-19625756 elementor-widget elementor-widget-text-editor\" data-id=\"19625756\" data-element_type=\"widget\" data-widget_type=\"text-editor.default\">\n\t\t\t\t<div class=\"elementor-widget-container\">\n\t\t\t\t\t\t\t\t<div class=\"elementor-text-editor elementor-clearfix\">\n\t\t\t\t<p><strong>08:00 &#8211; 16:00&nbsp;<\/strong><br><strong>poniedzia\u0142ek &#8211; pi\u0105tek<\/strong><\/p>\t\t\t\t\t<\/div>\n\t\t\t\t\t\t<\/div>\n\t\t\t\t<\/div>\n\t\t\t\t\t\t<\/div>\n\t\t\t\t\t<\/div>\n\t\t<\/div>\n\t\t\t\t\t\t\t\t<\/div>\n\t\t\t\t\t<\/div>\n\t\t<\/section>\n\t\t\t\t<div class=\"elementor-element elementor-element-d82f905 elementor-widget elementor-widget-text-editor\" data-id=\"d82f905\" data-element_type=\"widget\" data-widget_type=\"text-editor.default\">\n\t\t\t\t<div class=\"elementor-widget-container\">\n\t\t\t\t\t\t\t\t<div class=\"elementor-text-editor elementor-clearfix\">\n\t\t\t\t<p><strong>NIP: 5242691565 | KRS: 0000339316 | REGON: 142067669<\/strong><\/p>\t\t\t\t\t<\/div>\n\t\t\t\t\t\t<\/div>\n\t\t\t\t<\/div>\n\t\t\t\t\t\t<\/div>\n\t\t\t\t\t<\/div>\n\t\t<\/div>\n\t\t\t\t\t\t\t\t<\/div>\n\t\t\t\t\t<\/div>\n\t\t<\/section>\n\t\t\t\t\t\t\t\t\t<\/div>\n\t\t\t<\/div>\n\t\t\t\t\t<\/div>\n\t\t","protected":false},"excerpt":{"rendered":"<p>O firmie FORTOP Sp. z o.o.&nbsp;zosta\u0142a za\u0142o\u017cona w 2009 r. Od pocz\u0105tku istnienia Sp\u00f3\u0142ka zajmuje si\u0119 obrotem handlowym zar\u00f3wno z podmiotami polskimi jak i zagranicznymi. W 2025 r. Sp\u00f3\u0142ka zacz\u0119\u0142a prace badawczo-rozwojowe oraz produkcj\u0119 urz\u0105dze\u0144 elektronicznych i telekomunikacyjnych a tak\u017ce planuje w najbli\u017cszym czasie rozszerzy\u0107 swoj\u0105 dzia\u0142alno\u015b\u0107 o produkcj\u0119 statk\u00f3w [&hellip;]<\/p>\n","protected":false},"author":1,"featured_media":0,"parent":0,"menu_order":0,"comment_status":"closed","ping_status":"closed","template":"page-templates\/template-pagebuilder-full-width.php","meta":[],"_links":{"self":[{"href":"https:\/\/fortop.pl\/index.php?rest_route=\/wp\/v2\/pages\/7"}],"collection":[{"href":"https:\/\/fortop.pl\/index.php?rest_route=\/wp\/v2\/pages"}],"about":[{"href":"https:\/\/fortop.pl\/index.php?rest_route=\/wp\/v2\/types\/page"}],"author":[{"embeddable":true,"href":"https:\/\/fortop.pl\/index.php?rest_route=\/wp\/v2\/users\/1"}],"replies":[{"embeddable":true,"href":"https:\/\/fortop.pl\/index.php?rest_route=%2Fwp%2Fv2%2Fcomments&post=7"}],"version-history":[{"count":306,"href":"https:\/\/fortop.pl\/index.php?rest_route=\/wp\/v2\/pages\/7\/revisions"}],"predecessor-version":[{"id":705,"href":"https:\/\/fortop.pl\/index.php?rest_route=\/wp\/v2\/pages\/7\/revisions\/705"}],"wp:attachment":[{"href":"https:\/\/fortop.pl\/index.php?rest_route=%2Fwp%2Fv2%2Fmedia&parent=7"}],"curies":[{"name":"wp","href":"https:\/\/api.w.org\/{rel}","templated":true}]}}